 prime factors of z(h).
3, 137
Suppose 16 - 104 = -5*h - 2*u, -4*h + 77 = -5*u. Suppose -4*w = -2 + h. Let r = w - -18. List the prime factors of r.
2, 7
Let c(d) = -d**2 + 17*d + 1416. Let f be c(0). List the prime factors of (-602)/129*f/(-14).
2, 59
Suppose 2*m - s - s + 600 = 0, 0 = -2*m + 5*s - 612. Suppose -t + 4*r - 17 = 0, -t - 9*r = -5*r + 9. Let l = t - m. List the prime factors of l.
283
List the prime factors of ((0 + 1528)/2)/((-6 - -14) + -7).
2, 191
Let p = 1787 - -3415. Suppose s = 18*s - p. List the prime factors of s.
2, 3, 17
Let o = -2737 + 4175. Suppose 0 = 5*h - o - 2257. List the prime factors of h.
739
Let x(w) = -2*w**2 + 33*w + 2. Suppose -5*b = 3*b + 8. Let c be 12 - ((0 - (-3 - 0)) + b). What are the prime factors of x(c)?
2, 3, 11
List the prime factors of (-4660770)/(-150) + -3*(-3)/45.
2, 971
Suppose -6*v = -v + 3*j - 1026, 4*v - 820 = -2*j. Let h = v - 129. Let r = -8 + h. What are the prime factors of r?
67
Let h(s) = s - 10. Let u(k) = k**3 - 7*k**2 + 5*k - 19. Let j be u(7). Let w be h(j). Suppose w*g = 9*g - 177. What are the prime factors of g?
59
Suppose -2*q - 11048 = -10*q. Suppose q - 5281 = -15*f. What are the prime factors of f?
2, 5, 13
Let k = -2 + 12. List the prime factors of (-4)/((-11)/(12595/k)).
2, 229
Let f be (-10)/15 + (-2705)/(-3). Let m = f - 602. Suppose 3*d = p + m, -2*d + 6*p + 206 = 2*p. What are the prime factors of d?
3, 11
Let c be (19/38)/((-2)/1388). Let j(w) = -w**3 + 14*w**2 + 9*w - 10. Let s be j(15). Let a = s - c. List the prime factors of a.
13, 19
Let c = 28152 - -4299. What are the prime factors of c?
3, 29, 373
Let t be (0 - -79) + (-30 - -26). Let a = 150 + t. What are the prime factors of a?
3, 5
Let w(p) = 32*p**2 - 26*p - 4. Suppose -34 = -t - 29. List the prime factors of w(t).
2, 3, 37
Suppose -q + w + 27301 = 3*w, w = 0. List the prime factors of q.
23, 1187
Suppose 0 = -0*a + a - 1. Let y(m) = 5*m**2 + 7*m - 27. Let v be y(4). What are the prime factors of v + a + (-5 - 6/(-2))?
2, 5
Let y be (-2 - (-7 - 2)) + (-1 - 0). What are the prime factors of -3 - ((-4572)/14 - y/14)?
2, 3
Let c(l) = 57*l**2 - 44*l - 124. What are the prime factors of c(16)?
2, 3, 31, 37
Let w = 755 + -748. List the prime factors of 1264 + (-35)/(0 - w).
3, 47
Let l = -4226 + 8636. List the prime factors of l.
2, 3, 5, 7
What are the prime factors of -22 + 442872/156 - (-4)/52?
3, 313
Let h(z) be the second derivative of z**4/6 - 14*z**3/3 - 14*z**2 - 87*z. What are the prime factors of h(25)?
2, 3, 29
Suppose -11*r + 18*r - 694260 = -31*r. What are the prime factors of r?
2, 3, 5, 7, 29
Suppose 0 = 4*b + 501 - 177. Let o = -55 - b. List the prime factors of o.
2, 13
Let q(p) = -p**3 + 6*p**2 + 9*p - 11. Let u be (-6)/18 - 22/(-3). Let a be q(u). Suppose -a*x + 5*m = -291, x + 267 = 4*x + 3*m. List the prime factors of x.
2, 23
Let f(w) be the first derivative of w**4 - w**3/3 - w**2/2 + w + 1. Let i = -102 + 103. What are the prime factors of f(i)?
3
Suppose 8*q + 3368 = 8592. Let b = q + -321. What are the prime factors of b?
2, 83
Let t be (-65)/(-26)*(12492/10)/3. Let r = 1604 - t. List the prime factors of r.
563
Suppose 32885 = 4*v + 4*v - 36995. What are the prime factors of v?
5, 1747
Suppose -16*n + 128501 + 53163 = 0. What are the prime factors of n?
2, 7, 811
Let a(n) = 611*n + 4 - 778*n + 28 + 28. What are the prime factors of a(-3)?
3, 11, 17
Let o(u) = 111*u**2 - 363*u - 7935. List the prime factors of o(-23).
3, 23, 857
Let n be 5 + 0 - (-3 + 6). Suppose -n - 43 = -9*i. What are the prime factors of 331/9 + i/(90/4)?
37
Suppose 0 = u - 44 + 38, 3*r - 76020 = 2*u. List the prime factors of r.
2, 3, 11
Suppose 21*k - 29*k = -40. Suppose k*u + 4*n - 2709 = 0, 3*n - 250 = -u + 294. What are the prime factors of u?
541
Let z(r) = -136*r**3 + r**2 + 6*r + 6. Let u(b) = -b**2 + 1. Let m(q) = -u(q) + z(q). List the prime factors of m(-1).
137
Suppose -1403 = -4*o - w, 3*o - o - 719 = 3*w. Let p = -205 + o. List the prime factors of p.
3, 7
Suppose -5*s - 5*t + 7473 + 72 = 0, 2*t = -5*s + 7524. List the prime factors of s.
2, 751
Suppose -2*v + 20 = 4*q, -4*q - 2*v + 24 = v. Suppose 3 + 1 = i - 4*d, q = -5*i - 3*d. Suppose -s + 0*s + 37 = i. List the prime factors of s.
37
Let i(z) = -z**3 - 40*z**2 - 57*z - 215. List the prime factors of i(-39).
487
Let i(r) = -r**2 - 135*r - 1135. What are the prime factors of i(-84)?
47, 67
Let j(n) = n**3 + 57*n**2 - 270*n + 22. What are the prime factors of j(-21)?
2, 337
Suppose 5*f - q = 23370 - 853, -2*f + 9016 = -5*q. List the prime factors of f.
3, 19, 79
Let g(h) = 10*h**2 - 4*h + 9. Let q(c) = 40*c**2 - 15*c + 35. Let m(v) = -15*g(v) + 4*q(v). Let k be 3/(-12)*-6*-2. What are the prime factors of m(k)?
5, 19
List the prime factors of 23217 - 244/122*6/(-2).
3, 7741
Let m(d) = -161*d + 189. Let n be m(-6). Let o = -621 + n. List the prime factors of o.
2, 3, 89
Let o = -230 + 503. Suppose 0 = -2*n - 8*p + 3*p + o, 2*n - 318 = 4*p. What are the prime factors of n?
149
Suppose -j = s - 6849, 10785 + 23490 = 5*s - j. What are the prime factors of s?
2, 23, 149
Let x be 6*(-6)/(-9) - 1. Let j be (0*-2*x/(-12))/1. Suppose -2*n + 395 = 5*u - 6*n, j = 5*n + 25. What are the prime factors of u?
3, 5
Suppose -143 = -4*p - 19. Suppose -b + 3 = -x, 2*b + 5*x + 13 = 5*b. Suppose i - p = b. What are the prime factors of i?
2
Suppose -4*o = -m - 1592, -3*m - 1287 - 3511 = -o. Let q = m - -2903. What are the prime factors of q?
1303
Let h = 136 + -159. List the prime factors of (20/(-5) - -8) + -3 - h.
2, 3
Let c(s) = s**3 - 15*s**2 + 14*s + 4. Let h be c(14). Let q be (15/(-10))/((-3)/h). Suppose 9 = 3*y, q*y - 972 - 14 = -5*b. What are the prime factors of b?
2, 7
Let g(u) = 4532*u - 7415. What are the prime factors of g(3)?
7, 883
Let l(z) = -273*z - 1891. List the prime factors of l(-40).
9029
Let l be (1*256)/4 - 2. Let u = 120 - l. Let k = -15 + u. What are the prime factors of k?
43
Let g(b) = 17*b**2 + 6*b - 162. What are the prime factors of g(-21)?
3, 89
Let k = 57450 - 4945. List the prime factors of k.
5, 10501
Let z(i) be the third derivative of -i**4/6 + 35*i**3/2 + 57*i**2. What are the prime factors of z(-22)?
193
Let z(t) be the first derivative of -t - 16 + 28*t**3 - 1/2*t**2. What are the prime factors of z(-1)?
2, 3, 7
Let o(s) = -5*s - 15. Let y(k) be the third derivative of -k**6/120 + k**5/20 - k**4/24 - k**3 + 6*k**2. Let h be y(3). What are the prime factors of o(h)?
2, 3, 5
Suppose -14562 = -4*n + 5*m, -64*n - m + 3627 = -63*n. List the prime factors of n.
3, 7, 173
Let v be (-63)/(-18)*(2 - 10). List the prime factors of v/7 + (569 - 0) - -5.
2, 3, 5, 19
Let c(q) = -7827*q - 18946. What are the prime factors of c(-8)?
2, 5, 11, 397
Let n = -795 - -1412. Suppose -n = 4*f - 3293. What are the prime factors of f?
3, 223
Let g be 3*462/2 - (-1 - 4). Let z = g - -158. List the prime factors of z.
2, 107
Let d(h) = -h**3 + 53*h**2 + 58*h + 23. List the prime factors of d(46).
23, 761
Let g = -3431 + 7256. What are the prime factors of g?
3, 5, 17
Let r(m) = 81*m - 4862. What are the prime factors of r(139)?
6397
Let m(h) = -4*h**2 - 2*h - 8. Let x be m(0). What are the prime factors of (180/x)/((-3 - -1)/12)?
3, 5
Suppose 4*t + 20 = 0, -5*k = -4*k + 2*t + 5. Suppose -2*j - 13 = -k*h + 7, -3*h + 38 = 4*j. Suppose h*p = -205 + 1489. List the prime factors of p.
2, 107
Suppose 5*n - 5*o = 129555, 8*n - 2*o = 17*n - 233166. What are the prime factors of n?
2, 3, 17, 127
Suppose 0 = -3*n + 43 + 110. Suppose 23 = a - n. Let w = -6 + a. What are the prime factors of w?
2, 17
Let a(v) = 2*v**2 - 61*v - 654. List the prime factors of a(53).
3, 577
Suppose -5*x + 6 = 3*t, -t - 3 = -0. Suppose 3*z - 6 - 2 = -4*m, 0 = -x*z. Suppose 0 = 2*s - 2*f - 208, -m*f - 3*f + 398 = 4*s. What are the prime factors of s?
2, 3, 17
Let p be (-6)/(42/49) - 10. Let d(b) = -2*b**2 - 37*b - 35. What are the prime factors of d(p)?
2
What are the prime factors of (23974/2 + -3 - 2) + 7?
19, 631
Suppose q - 37 = 39. Let r = q - 27. Let m = r - -91. What are the prime factors of m?
2, 5, 7
Let a(j) = -35*j + 130. Let s(q) = -1683*q + 6239. Let l(o) = -289*a(o) + 6*s(o). What are the prime factors of l(18)?
2, 5, 17
What are the prime factors of -1 - (-54325)/12 -